the units digit of 1571?
1
What is the ten thousands digit of 12007?
1
What is the hundreds digit of 102?
1
What is the hundreds digit of 488?
4
What is the tens digit of 673?
7
What is the hundreds digit of 2194?
1
What is the ten thousands digit of 85831?
8
What is the hundreds digit of 653?
6
What is the tens digit of 37188?
8
What is the thousands digit of 1096?
1
What is the tens digit of 1219?
1
What is the thousands digit of 2582?
2
What is the tens digit of 3346?
4
What is the thousands digit of 27714?
7
What is the tens digit of 1740?
4
What is the thousands digit of 87795?
7
What is the units digit of 10417?
7
What is the ten thousands digit of 56670?
5
What is the hundreds digit of 70831?
8
What is the units digit of 1466?
6
What is the units digit of 32950?
0
What is the tens digit of 676?
7
What is the hundreds digit of 406?
4
What is the tens digit of 398?
9
What is the units digit of 1706?
6
What is the thousands digit of 34632?
4
What is the ten thousands digit of 76947?
7
What is the thousands digit of 2651?
2
What is the hundreds digit of 792?
7
What is the thousands digit of 8805?
8
What is the hundreds digit of 68789?
7
What is the hundreds digit of 1631?
6
What is the thousands digit of 81642?
1
What is the tens digit of 1223?
2
What is the tens digit of 10526?
2
What is the units digit of 2652?
2
What is the hundreds digit of 1596?
5
What is the thousands digit of 28747?
8
What is the hundreds digit of 2743?
7
What is the thousands digit of 3445?
3
What is the tens digit of 3163?
6
What is the units digit of 147914?
4
What is the thousands digit of 2037?
2
What is the units digit of 187?
7
What is the tens digit of 40172?
7
What is the hundreds digit of 1404?
4
What is the thousands digit of 3857?
3
What is the units digit of 83?
3
What is the hundreds digit of 20491?
4
What is the units digit of 4851?
1
What is the units digit of 48?
8
What is the ten thousands digit of 27882?
2
What is the tens digit of 613?
1
What is the thousands digit of 70909?
0
What is the units digit of 20359?
9
What is the hundreds digit of 28424?
4
What is the thousands digit of 3593?
3
What is the units digit of 1447?
7
What is the ten thousands digit of 89485?
8
What is the tens digit of 128391?
9
What is the thousands digit of 34799?
4
What is the thousands digit of 2504?
2
What is the units digit of 265?
5
What is the thousands digit of 13276?
3
What is the tens digit of 14985?
8
What is the hundreds digit of 42562?
5
What is the tens digit of 648?
4
What is the tens digit of 2904?
0
What is the ten thousands digit of 100622?
0
What is the thousands digit of 83546?
3
What is the units digit of 13515?
5
What is the thousands digit of 9283?
9
What is the thousands digit of 194660?
4
What is the units digit of 12489?
9
What is the ten thousands digit of 44736?
4
What is the hundreds digit of 4298?
2
What is the ten thousands digit of 17316?
1
What is the thousands digit of 4267?
4
What is the hundreds digit of 4900?
9
What is the hundreds digit of 4003?
0
What is the units digit of 98?
8
What is the tens digit of 1043?
4
What is the thousands digit of 1541?
1
What is the units digit of 11120?
0
What is the units digit of 2145?
5
What is the tens digit of 46033?
3
What is the tens digit of 95761?
6
What is the units digit of 550?
0
What is the hundreds digit of 260?
2
What is the units digit of 2513?
3
What is the tens digit of 656?
5
What is the units digit of 3058?
8
What is the thousands digit of 1642?
1
What is the units digit of 3287?
7
What is the tens digit of 45585?
8
What is the thousands digit of 93188?
3
What is the units digit of 1071?
1
What is the tens digit of 16280?
8
What is the units digit of 3648?
8
What is the units digit of 2635?
5
What is the tens digit of 1057?
5
What is the thousands digit of 1632?
1
What is the hundreds digit of 52020?
0
What is the hundreds digit of 53876?
8
What is the hundreds digit of 64560?
5
What is the hundreds digit of 4559?
5
What is the tens digit of 1927?
2
What is the units digit of 112868?
8
What is the hundreds digit of 1269?
2
What is the hundreds digit of 852?
8
What is the hundreds digit of 792?
7
What is the tens digit of 8599?
9
What is the tens digit of 128771?
7
What is the thousands digit of 8588?
8
What is the hundreds digit of 2535?
5
What is the thousands digit of 9055?
9
What is the hundreds digit of 11881?
8
What is the units digit of 39363?
3
What is the hundreds digit of 859?
8
What is the tens digit of 3326?
2
What is the ten thousands digit of 137901?
3
What is the hundreds digit of 6240?
2
What is the units digit of 59?
9
What is the ten thousands digit of 30626?
3
What is the units digit of 327?
7
What is the ten thousands digit of 16707?
1
What is the units digit of 105873?
3
What is the hundreds digit of 719?
7
What is the thousands digit of 40413?
0
What is the tens digit of 1997?
9
What is the units digit of 40874?
4
What is the units digit of 675?
5
What is the hundreds digit of 7475?
4
What is the units digit of 1036?
6
What is the units digit of 14635?
5
What is the hundreds digit of 1349?
3
What is the thousands digit of 19224?
9
What is the ten thousands digit of 43798?
4
What is the units digit of 96111?
1
What is the hundreds digit of 2837?
8
What is the ten thousands digit of 14682?
1
What is the hundreds digit of 23046?
0
What is the tens digit of 309?
0
What is the tens digit of 4585?
8
What is the hundreds digit of 96253?
2
What is the ten thousands digit of 25574?
2
What is the thousands digit of 12472?
2
What is the tens digit of 8400?
0
What is the units digit of 7659?
9
What is the units digit of 1681?
1
What is the tens digit of 282?
8
What is the tens digit of 8615?
1
What is the tens digit of 2971?
7
What is the tens digit of 1132?
3
What is the tens digit of 15045?
4
What is the tens digit of 363?
6
What is the units digit of 7765?
5
What is the tens digit of 6093?
9
What is the ten thousands digit of 12207?
1
What is the units digit of 11470?
0
What is the tens digit of 23169?
6
What is the hundreds digit of 124?
1
What is the tens digit of 1018?
1
What is the units digit of 11742?
2
What is the units digit of 4918?
8
What is the ten thousands digit of 89226?
8
What is the thousands digit of 3887?
3
What is the tens digit of 1348?
4
What is the tens digit of 822?
2
What is the hundreds digit of 208?
2
What is the tens digit of 6535?
3
What is the hundreds digit of 12919?
9
What is the ten thousands digit of 26625?
2
What is the hundreds digit of 4354?
3
What is the units digit of 9361?
1
What is the hundreds digit of 127484?
4
What is the units digit of 1066?
6
What is the thousands digit of 1970?
1
What is the tens digit of 61782?
8
What is the hundreds digit of 297?
2
What is the thousands digit of 3689?
3
What is the thousands digit of 40851?
0
What is the hundreds digit of 15437?
4
What is the units digit of 13007?
7
What is the hundreds digit of 4734?
7
What is the units digit of 30072?
2
What is the thousands digit of 184762?
4
What is the tens digit of 9974?
7
What is the ten thousands digit of 29798?
2
What is the thousands digit of 2211?
2
What is the hundreds digit of 3133?
1
What is the hundreds digit of 2619?
6
What is the hundreds digit of 388?
3
What is the units digit of 697?
7
What is the tens digit of 640?
4
What is the tens digit of 66?
6
What is the hundreds digit of 2779?
7
What is the tens digit of 13855?
5
What is the hundreds digit of 15934?
9
What is the hundreds digit of 2446?
4
What is the tens digit of 16944?
4
What is the hundreds digit of 3500?
5
What is the tens digit of 49737?
3
What is the units digit of 1673?
3
What is the hundreds digit of 363?
3
What is the ten thousands digit of 69390?
6
What is the ten thousands digit of 77733?
7
What is the units digit of 710?
0
What is the hundreds digit of 975?
9
What is the hundreds digit of 9633?
6
What is the hundreds digit of 8443?
4
What is the hundreds digit of 763?
7
What is the tens digit of 96688?
8
What is the tens digit of 325?
2
What is the tens digit of 2348?
4
What is the thousands digit of 58380?
8
What is the hundreds digit of 680?
6
What is the hundreds digit of 50019?
0
What is the units digit of 102405?
5
What is the units digit of 5738?
8
What is the 